{"id":5482,"date":"2025-05-28T09:20:09","date_gmt":"2025-05-28T07:20:09","guid":{"rendered":"https:\/\/semanaeuropea.euskalit.net\/?page_id=5482"},"modified":"2025-05-28T09:22:15","modified_gmt":"2025-05-28T07:22:15","slug":"nota-legal","status":"publish","type":"page","link":"https:\/\/www.euskalit.net\/semana\/nota-legal\/","title":{"rendered":"NOTA LEGAL"},"content":{"rendered":"<p><div class=\"fusion-fullwidth fullwidth-box fusion-builder-row-1 fusion-flex-container has-pattern-background has-mask-background nonhundred-percent-fullwidth non-hundred-percent-height-scrolling\" style=\"--awb-border-radius-top-left:0px;--awb-border-radius-top-right:0px;--awb-border-radius-bottom-right:0px;--awb-border-radius-bottom-left:0px;--awb-flex-wrap:wrap;\" ><div class=\"fusion-builder-row fusion-row fusion-flex-align-items-flex-start fusion-flex-content-wrap\" style=\"max-width:1248px;margin-left: calc(-4% \/ 2 );margin-right: calc(-4% \/ 2 );\"><div class=\"fusion-layout-column fusion_builder_column fusion-builder-column-0 fusion_builder_column_1_1 1_1 fusion-flex-column\" style=\"--awb-bg-size:cover;--awb-width-large:100%;--awb-margin-top-large:0px;--awb-spacing-right-large:1.92%;--awb-margin-bottom-large:20px;--awb-spacing-left-large:1.92%;--awb-width-medium:100%;--awb-order-medium:0;--awb-spacing-right-medium:1.92%;--awb-spacing-left-medium:1.92%;--awb-width-small:100%;--awb-order-small:0;--awb-spacing-right-small:1.92%;--awb-spacing-left-small:1.92%;\"><div class=\"fusion-column-wrapper fusion-column-has-shadow fusion-flex-justify-content-flex-start fusion-content-layout-column\"><div class=\"fusion-text fusion-text-1\" style=\"--awb-font-size:36px;--awb-text-color:#2e7d67;--awb-text-font-family:&quot;Inter&quot;;--awb-text-font-style:normal;--awb-text-font-weight:600;\"><p>Nota Legal<\/p>\n<\/div><\/div><\/div><\/div><\/div><div class=\"fusion-fullwidth fullwidth-box fusion-builder-row-2 fusion-flex-container has-pattern-background has-mask-background nonhundred-percent-fullwidth non-hundred-percent-height-scrolling\" style=\"--awb-border-radius-top-left:0px;--awb-border-radius-top-right:0px;--awb-border-radius-bottom-right:0px;--awb-border-radius-bottom-left:0px;--awb-flex-wrap:wrap;\" ><div class=\"fusion-builder-row fusion-row fusion-flex-align-items-flex-start fusion-flex-content-wrap\" style=\"max-width:1248px;margin-left: calc(-4% \/ 2 );margin-right: calc(-4% \/ 2 );\"><div class=\"fusion-layout-column fusion_builder_column fusion-builder-column-1 fusion_builder_column_1_1 1_1 fusion-flex-column\" style=\"--awb-bg-size:cover;--awb-width-large:100%;--awb-margin-top-large:0px;--awb-spacing-right-large:1.92%;--awb-margin-bottom-large:20px;--awb-spacing-left-large:1.92%;--awb-width-medium:100%;--awb-order-medium:0;--awb-spacing-right-medium:1.92%;--awb-spacing-left-medium:1.92%;--awb-width-small:100%;--awb-order-small:0;--awb-spacing-right-small:1.92%;--awb-spacing-left-small:1.92%;\"><div class=\"fusion-column-wrapper fusion-column-has-shadow fusion-flex-justify-content-flex-start fusion-content-layout-column\"><div class=\"fusion-text fusion-text-2\" style=\"--awb-font-size:16px;--awb-text-font-family:&quot;Inter&quot;;--awb-text-font-style:normal;--awb-text-font-weight:400;\"><h4><span style=\"color: #006430;\">1. Condiciones generales<\/span><\/h4>\n<p>A continuaci\u00f3n se exponen las condiciones generales que regulan el uso de www.euskalit.net (en adelante, p\u00e1gina web o www.euskalit.net) que EUSKALIT pone a disposici\u00f3n de todos los usuarios.<\/p>\n<p>La utilizaci\u00f3n de esta p\u00e1gina web implica la plena aceptaci\u00f3n por parte del usuario de las condiciones generales de uso aqu\u00ed expuestas, vigentes en el momento que el usuario accede a la misma.<\/p>\n<p>EUSKALIT se reserva el derecho de modificar en cualquier momento las presentes condiciones de uso as\u00ed como cualquier otra condici\u00f3n particular o pol\u00edticas de uso que resulten de aplicaci\u00f3n para el usuario.<\/p>\n<p>La navegaci\u00f3n en www.euskalit.net en todo momento es una responsabilidad del usuario, por lo que \u00e9ste se compromete a utilizar los contenidos de forma l\u00edcita eximi\u00e9ndose&nbsp;EUSKALIT&nbsp;por tanto, de cualquier utilizaci\u00f3n ileg\u00edtima que pueda llevar a cabo el usuario en esta p\u00e1gina web.<\/p>\n<h4><span style=\"color: #006430;\">2. Propiedad Intelectual y uso de los contenidos de la p\u00e1gina web<\/span><\/h4>\n<p>Todos los derechos de Propiedad Industrial e Intelectual sobre los contenidos en www.euskalit.net (incluyendo BBDD, im\u00e1genes, gr\u00e1ficos, infograf\u00edas, software y archivos de texto, v\u00eddeo) as\u00ed como su estructura, dise\u00f1o y c\u00f3digo fuente son titularidad de EUSKALIT, o sus titulares permiten a EUSKALIT su divulgaci\u00f3n, uso y explotaci\u00f3n.<\/p>\n<p>Queda por tanto terminantemente prohibido la reproducci\u00f3n total o parcial de los contenidos de esta p\u00e1gina web sin la previa autorizaci\u00f3n por parte de EUSKALIT. Los usuarios de esta p\u00e1gina web podr\u00e1n visualizar, imprimir o descargar los contenidos de www.euskalit.net \u00fanica y exclusivamente para un uso privado del mismo.<\/p>\n<p>EUSKALIT no asumir\u00e1 ninguna responsabilidad derivada del uso por terceros con los contenidos de esta p\u00e1gina web y podr\u00e1 ejercitar acciones civiles o penales en caso de infracci\u00f3n.<\/p>\n<h4><span style=\"color: #006430;\">3. Pol\u00edtica de enlaces<\/span><\/h4>\n<p>A trav\u00e9s de www.euskalit.net el usuario podr\u00e1 acceder a contenidos de terceros mediante links, pesta\u00f1as, botones etc. EUSKALIT no asume ninguna responsabilidad por el contenido, informaciones o servicios que pudieran figurar en dichas p\u00e1ginas y en ning\u00fan caso implican relaci\u00f3n alguna entre EUSKALIT y las personas o entidades titulares de tales contenidos.<\/p>\n<h4><span style=\"color: #006430;\">4. Cookies<\/span><\/h4>\n<p>La p\u00e1gina web de EUSKALIT utiliza cookies, peque\u00f1os archivos de informaci\u00f3n que el servidor env\u00eda al navegador del usuario con la finalidad de obtener una navegaci\u00f3n m\u00e1s eficiente. Las cookies utilizadas por EUSKALIT se asocian \u00fanicamente con el navegador de un ordenador determinado (usuario an\u00f3nimo) y no proporcionan por s\u00ed mismas ning\u00fan dato personal del usuario, imposibilitando la identificaci\u00f3n de este. El usuario podr\u00e1 configurar su navegador para ser avisado de la recepci\u00f3n de cookies e impedir en todo momento la instalaci\u00f3n de \u00e9stas en su equipo.<\/p>\n<\/div><\/div><\/div><\/div><\/div><\/p>\n","protected":false},"excerpt":{"rendered":"","protected":false},"author":1,"featured_media":0,"parent":0,"menu_order":0,"comment_status":"closed","ping_status":"closed","template":"","meta":{"_acf_changed":false,"footnotes":""},"class_list":["post-5482","page","type-page","status-publish","hentry"],"acf":[],"yoast_head":"<!-- This site is optimized with the Yoast SEO plugin v26.0 - https:\/\/yoast.com\/wordpress\/plugins\/seo\/ -->\n<title>NOTA LEGAL - Semana Europea de la Gesti\u00f3n Avanzada<\/title>\n<meta name=\"robots\" content=\"index, follow, max-snippet:-1, max-image-preview:large, max-video-preview:-1\" \/>\n<link rel=\"canonical\" href=\"https:\/\/www.euskalit.net\/semana\/nota-legal\/\" \/>\n<meta property=\"og:locale\" content=\"es_ES\" \/>\n<meta property=\"og:type\" content=\"article\" \/>\n<meta property=\"og:title\" content=\"NOTA LEGAL - Semana Europea de la Gesti\u00f3n Avanzada\" \/>\n<meta property=\"og:url\" content=\"https:\/\/www.euskalit.net\/semana\/nota-legal\/\" \/>\n<meta property=\"og:site_name\" content=\"Semana Europea de la Gesti\u00f3n Avanzada\" \/>\n<meta property=\"article:modified_time\" content=\"2025-05-28T07:22:15+00:00\" \/>\n<meta name=\"twitter:card\" content=\"summary_large_image\" \/>\n<meta name=\"twitter:label1\" content=\"Tiempo de lectura\" \/>\n\t<meta name=\"twitter:data1\" content=\"8 minutos\" \/>\n<script type=\"application\/ld+json\" class=\"yoast-schema-graph\">{\"@context\":\"https:\/\/schema.org\",\"@graph\":[{\"@type\":\"WebPage\",\"@id\":\"https:\/\/www.euskalit.net\/semana\/nota-legal\/\",\"url\":\"https:\/\/www.euskalit.net\/semana\/nota-legal\/\",\"name\":\"NOTA LEGAL - Semana Europea de la Gesti\u00f3n Avanzada\",\"isPartOf\":{\"@id\":\"https:\/\/www.euskalit.net\/semana\/#website\"},\"datePublished\":\"2025-05-28T07:20:09+00:00\",\"dateModified\":\"2025-05-28T07:22:15+00:00\",\"breadcrumb\":{\"@id\":\"https:\/\/www.euskalit.net\/semana\/nota-legal\/#breadcrumb\"},\"inLanguage\":\"es\",\"potentialAction\":[{\"@type\":\"ReadAction\",\"target\":[\"https:\/\/www.euskalit.net\/semana\/nota-legal\/\"]}]},{\"@type\":\"BreadcrumbList\",\"@id\":\"https:\/\/www.euskalit.net\/semana\/nota-legal\/#breadcrumb\",\"itemListElement\":[{\"@type\":\"ListItem\",\"position\":1,\"name\":\"Portada\",\"item\":\"https:\/\/www.euskalit.net\/semana\/\"},{\"@type\":\"ListItem\",\"position\":2,\"name\":\"NOTA LEGAL\"}]},{\"@type\":\"WebSite\",\"@id\":\"https:\/\/www.euskalit.net\/semana\/#website\",\"url\":\"https:\/\/www.euskalit.net\/semana\/\",\"name\":\"Semana Europea de la Gesti\u00f3n Avanzada\",\"description\":\"Semana Europea de la Gesti\u00f3n Avanzada\",\"publisher\":{\"@id\":\"https:\/\/www.euskalit.net\/semana\/#organization\"},\"potentialAction\":[{\"@type\":\"SearchAction\",\"target\":{\"@type\":\"EntryPoint\",\"urlTemplate\":\"https:\/\/www.euskalit.net\/semana\/?s={search_term_string}\"},\"query-input\":{\"@type\":\"PropertyValueSpecification\",\"valueRequired\":true,\"valueName\":\"search_term_string\"}}],\"inLanguage\":\"es\"},{\"@type\":\"Organization\",\"@id\":\"https:\/\/www.euskalit.net\/semana\/#organization\",\"name\":\"Semana Europea de la Gesti\u00f3n Avanzada\",\"url\":\"https:\/\/www.euskalit.net\/semana\/\",\"logo\":{\"@type\":\"ImageObject\",\"inLanguage\":\"es\",\"@id\":\"https:\/\/www.euskalit.net\/semana\/#\/schema\/logo\/image\/\",\"url\":\"https:\/\/www.euskalit.net\/semanawp-content\/uploads\/2025\/05\/logotipo-euskalit@3x.png\",\"contentUrl\":\"https:\/\/www.euskalit.net\/semanawp-content\/uploads\/2025\/05\/logotipo-euskalit@3x.png\",\"width\":849,\"height\":201,\"caption\":\"Semana Europea de la Gesti\u00f3n Avanzada\"},\"image\":{\"@id\":\"https:\/\/www.euskalit.net\/semana\/#\/schema\/logo\/image\/\"}}]}<\/script>\n<!-- \/ Yoast SEO plugin. -->","yoast_head_json":{"title":"NOTA LEGAL - Semana Europea de la Gesti\u00f3n Avanzada","robots":{"index":"index","follow":"follow","max-snippet":"max-snippet:-1","max-image-preview":"max-image-preview:large","max-video-preview":"max-video-preview:-1"},"canonical":"https:\/\/www.euskalit.net\/semana\/nota-legal\/","og_locale":"es_ES","og_type":"article","og_title":"NOTA LEGAL - Semana Europea de la Gesti\u00f3n Avanzada","og_url":"https:\/\/www.euskalit.net\/semana\/nota-legal\/","og_site_name":"Semana Europea de la Gesti\u00f3n Avanzada","article_modified_time":"2025-05-28T07:22:15+00:00","twitter_card":"summary_large_image","twitter_misc":{"Tiempo de lectura":"8 minutos"},"schema":{"@context":"https:\/\/schema.org","@graph":[{"@type":"WebPage","@id":"https:\/\/www.euskalit.net\/semana\/nota-legal\/","url":"https:\/\/www.euskalit.net\/semana\/nota-legal\/","name":"NOTA LEGAL - Semana Europea de la Gesti\u00f3n Avanzada","isPartOf":{"@id":"https:\/\/www.euskalit.net\/semana\/#website"},"datePublished":"2025-05-28T07:20:09+00:00","dateModified":"2025-05-28T07:22:15+00:00","breadcrumb":{"@id":"https:\/\/www.euskalit.net\/semana\/nota-legal\/#breadcrumb"},"inLanguage":"es","potentialAction":[{"@type":"ReadAction","target":["https:\/\/www.euskalit.net\/semana\/nota-legal\/"]}]},{"@type":"BreadcrumbList","@id":"https:\/\/www.euskalit.net\/semana\/nota-legal\/#breadcrumb","itemListElement":[{"@type":"ListItem","position":1,"name":"Portada","item":"https:\/\/www.euskalit.net\/semana\/"},{"@type":"ListItem","position":2,"name":"NOTA LEGAL"}]},{"@type":"WebSite","@id":"https:\/\/www.euskalit.net\/semana\/#website","url":"https:\/\/www.euskalit.net\/semana\/","name":"Semana Europea de la Gesti\u00f3n Avanzada","description":"Semana Europea de la Gesti\u00f3n Avanzada","publisher":{"@id":"https:\/\/www.euskalit.net\/semana\/#organization"},"potentialAction":[{"@type":"SearchAction","target":{"@type":"EntryPoint","urlTemplate":"https:\/\/www.euskalit.net\/semana\/?s={search_term_string}"},"query-input":{"@type":"PropertyValueSpecification","valueRequired":true,"valueName":"search_term_string"}}],"inLanguage":"es"},{"@type":"Organization","@id":"https:\/\/www.euskalit.net\/semana\/#organization","name":"Semana Europea de la Gesti\u00f3n Avanzada","url":"https:\/\/www.euskalit.net\/semana\/","logo":{"@type":"ImageObject","inLanguage":"es","@id":"https:\/\/www.euskalit.net\/semana\/#\/schema\/logo\/image\/","url":"https:\/\/www.euskalit.net\/semanawp-content\/uploads\/2025\/05\/logotipo-euskalit@3x.png","contentUrl":"https:\/\/www.euskalit.net\/semanawp-content\/uploads\/2025\/05\/logotipo-euskalit@3x.png","width":849,"height":201,"caption":"Semana Europea de la Gesti\u00f3n Avanzada"},"image":{"@id":"https:\/\/www.euskalit.net\/semana\/#\/schema\/logo\/image\/"}}]}},"_links":{"self":[{"href":"https:\/\/www.euskalit.net\/semana\/wp-json\/wp\/v2\/pages\/5482","targetHints":{"allow":["GET"]}}],"collection":[{"href":"https:\/\/www.euskalit.net\/semana\/wp-json\/wp\/v2\/pages"}],"about":[{"href":"https:\/\/www.euskalit.net\/semana\/wp-json\/wp\/v2\/types\/page"}],"author":[{"embeddable":true,"href":"https:\/\/www.euskalit.net\/semana\/wp-json\/wp\/v2\/users\/1"}],"replies":[{"embeddable":true,"href":"https:\/\/www.euskalit.net\/semana\/wp-json\/wp\/v2\/comments?post=5482"}],"version-history":[{"count":3,"href":"https:\/\/www.euskalit.net\/semana\/wp-json\/wp\/v2\/pages\/5482\/revisions"}],"predecessor-version":[{"id":5488,"href":"https:\/\/www.euskalit.net\/semana\/wp-json\/wp\/v2\/pages\/5482\/revisions\/5488"}],"wp:attachment":[{"href":"https:\/\/www.euskalit.net\/semana\/wp-json\/wp\/v2\/media?parent=5482"}],"curies":[{"name":"wp","href":"https:\/\/api.w.org\/{rel}","templated":true}]}}

<p><div class="fusion-fullwidth fullwidth-box fusion-builder-row-1 fusion-flex-container has-pattern-background has-mask-background nonhundred-percent-fullwidth non-hundred-percent-height-scrolling" style="--awb-border-radius-top-left:0px;--awb-border-radius-top-right:0px;--awb-border-radius-bottom-right:0px;--awb-border-radius-bottom-left:0px;--awb-flex-wrap:wrap;" ><div class="fusion-builder-row fusion-row fusion-flex-align-items-flex-start fusion-flex-content-wrap" style="max-width:1248px;margin-left: calc(-4% / 2 );margin-right: calc(-4% / 2 );"><div class="fusion-layout-column fusion_builder_column fusion-builder-column-0 fusion_builder_column_1_1 1_1 fusion-flex-column" style="--awb-bg-size:cover;--awb-width-large:100%;--awb-margin-top-large:0px;--awb-spacing-right-large:1.92%;--awb-margin-bottom-large:20px;--awb-spacing-left-large:1.92%;--awb-width-medium:100%;--awb-order-medium:0;--awb-spacing-right-medium:1.92%;--awb-spacing-left-medium:1.92%;--awb-width-small:100%;--awb-order-small:0;--awb-spacing-right-small:1.92%;--awb-spacing-left-small:1.92%;"><div class="fusion-column-wrapper fusion-column-has-shadow fusion-flex-justify-content-flex-start fusion-content-layout-column"><div class="fusion-text fusion-text-1" style="--awb-font-size:36px;--awb-text-color:#2e7d67;--awb-text-font-family:&quot;Inter&quot;;--awb-text-font-style:normal;--awb-text-font-weight:600;"><p>Nota Legal</p>
</div></div></div></div></div><div class="fusion-fullwidth fullwidth-box fusion-builder-row-2 fusion-flex-container has-pattern-background has-mask-background nonhundred-percent-fullwidth non-hundred-percent-height-scrolling" style="--awb-border-radius-top-left:0px;--awb-border-radius-top-right:0px;--awb-border-radius-bottom-right:0px;--awb-border-radius-bottom-left:0px;--awb-flex-wrap:wrap;" ><div class="fusion-builder-row fusion-row fusion-flex-align-items-flex-start fusion-flex-content-wrap" style="max-width:1248px;margin-left: calc(-4% / 2 );margin-right: calc(-4% / 2 );"><div class="fusion-layout-column fusion_builder_column fusion-builder-column-1 fusion_builder_column_1_1 1_1 fusion-flex-column" style="--awb-bg-size:cover;--awb-width-large:100%;--awb-margin-top-large:0px;--awb-spacing-right-large:1.92%;--awb-margin-bottom-large:20px;--awb-spacing-left-large:1.92%;--awb-width-medium:100%;--awb-order-medium:0;--awb-spacing-right-medium:1.92%;--awb-spacing-left-medium:1.92%;--awb-width-small:100%;--awb-order-small:0;--awb-spacing-right-small:1.92%;--awb-spacing-left-small:1.92%;"><div class="fusion-column-wrapper fusion-column-has-shadow fusion-flex-justify-content-flex-start fusion-content-layout-column"><div class="fusion-text fusion-text-2" style="--awb-font-size:16px;--awb-text-font-family:&quot;Inter&quot;;--awb-text-font-style:normal;--awb-text-font-weight:400;"><h4><span style="color: #006430;">1. Condiciones generales</span></h4>
<p>A continuación se exponen las condiciones generales que regulan el uso de www.euskalit.net (en adelante, página web o www.euskalit.net) que EUSKALIT pone a disposición de todos los usuarios.</p>
<p>La utilización de esta página web implica la plena aceptación por parte del usuario de las condiciones generales de uso aquí expuestas, vigentes en el momento que el usuario accede a la misma.</p>
<p>EUSKALIT se reserva el derecho de modificar en cualquier momento las presentes condiciones de uso así como cualquier otra condición particular o políticas de uso que resulten de aplicación para el usuario.</p>
<p>La navegación en www.euskalit.net en todo momento es una responsabilidad del usuario, por lo que éste se compromete a utilizar los contenidos de forma lícita eximiéndose&nbsp;EUSKALIT&nbsp;por tanto, de cualquier utilización ilegítima que pueda llevar a cabo el usuario en esta página web.</p>
<h4><span style="color: #006430;">2. Propiedad Intelectual y uso de los contenidos de la página web</span></h4>
<p>Todos los derechos de Propiedad Industrial e Intelectual sobre los contenidos en www.euskalit.net (incluyendo BBDD, imágenes, gráficos, infografías, software y archivos de texto, vídeo) así como su estructura, diseño y código fuente son titularidad de EUSKALIT, o sus titulares permiten a EUSKALIT su divulgación, uso y explotación.</p>
<p>Queda por tanto terminantemente prohibido la reproducción total o parcial de los contenidos de esta página web sin la previa autorización por parte de EUSKALIT. Los usuarios de esta página web podrán visualizar, imprimir o descargar los contenidos de www.euskalit.net única y exclusivamente para un uso privado del mismo.</p>
<p>EUSKALIT no asumirá ninguna responsabilidad derivada del uso por terceros con los contenidos de esta página web y podrá ejercitar acciones civiles o penales en caso de infracción.</p>
<h4><span style="color: #006430;">3. Política de enlaces</span></h4>
<p>A través de www.euskalit.net el usuario podrá acceder a contenidos de terceros mediante links, pestañas, botones etc. EUSKALIT no asume ninguna responsabilidad por el contenido, informaciones o servicios que pudieran figurar en dichas páginas y en ningún caso implican relación alguna entre EUSKALIT y las personas o entidades titulares de tales contenidos.</p>
<h4><span style="color: #006430;">4. Cookies</span></h4>
<p>La página web de EUSKALIT utiliza cookies, pequeños archivos de información que el servidor envía al navegador del usuario con la finalidad de obtener una navegación más eficiente. Las cookies utilizadas por EUSKALIT se asocian únicamente con el navegador de un ordenador determinado (usuario anónimo) y no proporcionan por sí mismas ningún dato personal del usuario, imposibilitando la identificación de este. El usuario podrá configurar su navegador para ser avisado de la recepción de cookies e impedir en todo momento la instalación de éstas en su equipo.</p>
</div></div></div></div></div></p>

<!-- This site is optimized with the Yoast SEO plugin v26.0 - https://yoast.com/wordpress/plugins/seo/ -->
<title>NOTA LEGAL - Semana Europea de la Gestión Avanzada</title>
<meta name="robots" content="index, follow, max-snippet:-1, max-image-preview:large, max-video-preview:-1" />
<link rel="canonical" href="https://www.euskalit.net/semana/nota-legal/" />
<meta property="og:locale" content="es_ES" />
<meta property="og:type" content="article" />
<meta property="og:title" content="NOTA LEGAL - Semana Europea de la Gestión Avanzada" />
<meta property="og:url" content="https://www.euskalit.net/semana/nota-legal/" />
<meta property="og:site_name" content="Semana Europea de la Gestión Avanzada" />
<meta property="article:modified_time" content="2025-05-28T07:22:15+00:00" />
<meta name="twitter:card" content="summary_large_image" />
<meta name="twitter:label1" content="Tiempo de lectura" />
	<meta name="twitter:data1" content="8 minutos" />
<script type="application/ld+json" class="yoast-schema-graph">{"@context":"https://schema.org","@graph":[{"@type":"WebPage","@id":"https://www.euskalit.net/semana/nota-legal/","url":"https://www.euskalit.net/semana/nota-legal/","name":"NOTA LEGAL - Semana Europea de la Gestión Avanzada","isPartOf":{"@id":"https://www.euskalit.net/semana/#website"},"datePublished":"2025-05-28T07:20:09+00:00","dateModified":"2025-05-28T07:22:15+00:00","breadcrumb":{"@id":"https://www.euskalit.net/semana/nota-legal/#breadcrumb"},"inLanguage":"es","potentialAction":[{"@type":"ReadAction","target":["https://www.euskalit.net/semana/nota-legal/"]}]},{"@type":"BreadcrumbList","@id":"https://www.euskalit.net/semana/nota-legal/#breadcrumb","itemListElement":[{"@type":"ListItem","position":1,"name":"Portada","item":"https://www.euskalit.net/semana/"},{"@type":"ListItem","position":2,"name":"NOTA LEGAL"}]},{"@type":"WebSite","@id":"https://www.euskalit.net/semana/#website","url":"https://www.euskalit.net/semana/","name":"Semana Europea de la Gestión Avanzada","description":"Semana Europea de la Gestión Avanzada","publisher":{"@id":"https://www.euskalit.net/semana/#organization"},"potentialAction":[{"@type":"SearchAction","target":{"@type":"EntryPoint","urlTemplate":"https://www.euskalit.net/semana/?s={search_term_string}"},"query-input":{"@type":"PropertyValueSpecification","valueRequired":true,"valueName":"search_term_string"}}],"inLanguage":"es"},{"@type":"Organization","@id":"https://www.euskalit.net/semana/#organization","name":"Semana Europea de la Gestión Avanzada","url":"https://www.euskalit.net/semana/","logo":{"@type":"ImageObject","inLanguage":"es","@id":"https://www.euskalit.net/semana/#/schema/logo/image/","url":"https://www.euskalit.net/semanawp-content/uploads/2025/05/logotipo-euskalit@3x.png","contentUrl":"https://www.euskalit.net/semanawp-content/uploads/2025/05/logotipo-euskalit@3x.png","width":849,"height":201,"caption":"Semana Europea de la Gestión Avanzada"},"image":{"@id":"https://www.euskalit.net/semana/#/schema/logo/image/"}}]}</script>
<!-- / Yoast SEO plugin. -->

NOTA LEGAL - Semana Europea de la Gestión Avanzada

Semana Europea de la Gestión Avanzada
