{"id":6982,"date":"2025-10-20T17:36:11","date_gmt":"2025-10-20T15:36:11","guid":{"rendered":"https:\/\/www.euskalit.net\/semana\/?post_type=acto&#038;p=6982"},"modified":"2025-10-21T08:23:41","modified_gmt":"2025-10-21T06:23:41","slug":"los-ods-en-el-tercer-sector-social","status":"publish","type":"acto","link":"https:\/\/www.euskalit.net\/semana\/acto\/los-ods-en-el-tercer-sector-social\/","title":{"rendered":"Los ODS en el tercer sector social"},"content":{"rendered":"<h3><span style=\"color: #2e7d67;\">Elemento de la Gesti\u00f3n Avanzada<\/span><\/h3>\n<p>Sociedad (compromiso social, sostenibilidad medioambiental, certificaciones\u2026)<\/p>\n<h3><span style=\"color: #2e7d67;\">Contenido<\/span><\/h3>\n<p><span data-olk-copy-source=\"MessageBody\">Se explicar\u00e1 c\u00f3mo contribuyen y se gestionan los ODS en el tercer sector social mediante buenas pr\u00e1cticas del sector.\u00a0<\/span><\/p>\n","protected":false},"featured_media":6984,"menu_order":0,"template":"","format":"standard","meta":{"_acf_changed":false,"footnotes":""},"entidad-organizadora":[],"palabra-clave":[],"sector":[],"class_list":["post-6982","acto","type-acto","status-publish","format-standard","has-post-thumbnail","hentry"],"acf":[],"yoast_head":"<!-- This site is optimized with the Yoast SEO plugin v26.0 - https:\/\/yoast.com\/wordpress\/plugins\/seo\/ -->\n<title>Los ODS en el tercer sector social - Semana Europea de la Gesti\u00f3n Avanzada<\/title>\n<meta name=\"robots\" content=\"index, follow, max-snippet:-1, max-image-preview:large, max-video-preview:-1\" \/>\n<link rel=\"canonical\" href=\"https:\/\/www.euskalit.net\/semana\/acto\/los-ods-en-el-tercer-sector-social\/\" \/>\n<meta property=\"og:locale\" content=\"es_ES\" \/>\n<meta property=\"og:type\" content=\"article\" \/>\n<meta property=\"og:title\" content=\"Los ODS en el tercer sector social - Semana Europea de la Gesti\u00f3n Avanzada\" \/>\n<meta property=\"og:description\" content=\"Elemento de la Gesti\u00f3n Avanzada Sociedad (compromiso social, sostenibilidad medioambiental, certificaciones\u2026) Contenido Se explicar\u00e1 c\u00f3mo contribuyen y se gestionan los ODS en el tercer sector social mediante buenas pr\u00e1cticas del sector.\u00a0\" \/>\n<meta property=\"og:url\" content=\"https:\/\/www.euskalit.net\/semana\/acto\/los-ods-en-el-tercer-sector-social\/\" \/>\n<meta property=\"og:site_name\" content=\"Semana Europea de la Gesti\u00f3n Avanzada\" \/>\n<meta property=\"article:modified_time\" content=\"2025-10-21T06:23:41+00:00\" \/>\n<meta property=\"og:image\" content=\"https:\/\/www.euskalit.net\/semana\/wp-content\/uploads\/2025\/09\/Sareen.jpg\" \/>\n\t<meta property=\"og:image:width\" content=\"393\" \/>\n\t<meta property=\"og:image:height\" content=\"188\" \/>\n\t<meta property=\"og:image:type\" content=\"image\/jpeg\" \/>\n<meta name=\"twitter:card\" content=\"summary_large_image\" \/>\n<meta name=\"twitter:label1\" content=\"Tiempo de lectura\" \/>\n\t<meta name=\"twitter:data1\" content=\"1 minuto\" \/>\n<script type=\"application\/ld+json\" class=\"yoast-schema-graph\">{\"@context\":\"https:\/\/schema.org\",\"@graph\":[{\"@type\":\"WebPage\",\"@id\":\"https:\/\/www.euskalit.net\/semana\/acto\/los-ods-en-el-tercer-sector-social\/\",\"url\":\"https:\/\/www.euskalit.net\/semana\/acto\/los-ods-en-el-tercer-sector-social\/\",\"name\":\"Los ODS en el tercer sector social - Semana Europea de la Gesti\u00f3n Avanzada\",\"isPartOf\":{\"@id\":\"https:\/\/www.euskalit.net\/semana\/#website\"},\"primaryImageOfPage\":{\"@id\":\"https:\/\/www.euskalit.net\/semana\/acto\/los-ods-en-el-tercer-sector-social\/#primaryimage\"},\"image\":{\"@id\":\"https:\/\/www.euskalit.net\/semana\/acto\/los-ods-en-el-tercer-sector-social\/#primaryimage\"},\"thumbnailUrl\":\"https:\/\/www.euskalit.net\/semana\/wp-content\/uploads\/2025\/09\/Sareen.jpg\",\"datePublished\":\"2025-10-20T15:36:11+00:00\",\"dateModified\":\"2025-10-21T06:23:41+00:00\",\"breadcrumb\":{\"@id\":\"https:\/\/www.euskalit.net\/semana\/acto\/los-ods-en-el-tercer-sector-social\/#breadcrumb\"},\"inLanguage\":\"es\",\"potentialAction\":[{\"@type\":\"ReadAction\",\"target\":[\"https:\/\/www.euskalit.net\/semana\/acto\/los-ods-en-el-tercer-sector-social\/\"]}]},{\"@type\":\"ImageObject\",\"inLanguage\":\"es\",\"@id\":\"https:\/\/www.euskalit.net\/semana\/acto\/los-ods-en-el-tercer-sector-social\/#primaryimage\",\"url\":\"https:\/\/www.euskalit.net\/semana\/wp-content\/uploads\/2025\/09\/Sareen.jpg\",\"contentUrl\":\"https:\/\/www.euskalit.net\/semana\/wp-content\/uploads\/2025\/09\/Sareen.jpg\",\"width\":393,\"height\":188},{\"@type\":\"BreadcrumbList\",\"@id\":\"https:\/\/www.euskalit.net\/semana\/acto\/los-ods-en-el-tercer-sector-social\/#breadcrumb\",\"itemListElement\":[{\"@type\":\"ListItem\",\"position\":1,\"name\":\"Portada\",\"item\":\"https:\/\/www.euskalit.net\/semana\/\"},{\"@type\":\"ListItem\",\"position\":2,\"name\":\"Los ODS en el tercer sector social\"}]},{\"@type\":\"WebSite\",\"@id\":\"https:\/\/www.euskalit.net\/semana\/#website\",\"url\":\"https:\/\/www.euskalit.net\/semana\/\",\"name\":\"Semana Europea de la Gesti\u00f3n Avanzada\",\"description\":\"Semana Europea de la Gesti\u00f3n Avanzada\",\"publisher\":{\"@id\":\"https:\/\/www.euskalit.net\/semana\/#organization\"},\"potentialAction\":[{\"@type\":\"SearchAction\",\"target\":{\"@type\":\"EntryPoint\",\"urlTemplate\":\"https:\/\/www.euskalit.net\/semana\/?s={search_term_string}\"},\"query-input\":{\"@type\":\"PropertyValueSpecification\",\"valueRequired\":true,\"valueName\":\"search_term_string\"}}],\"inLanguage\":\"es\"},{\"@type\":\"Organization\",\"@id\":\"https:\/\/www.euskalit.net\/semana\/#organization\",\"name\":\"Semana Europea de la Gesti\u00f3n Avanzada\",\"url\":\"https:\/\/www.euskalit.net\/semana\/\",\"logo\":{\"@type\":\"ImageObject\",\"inLanguage\":\"es\",\"@id\":\"https:\/\/www.euskalit.net\/semana\/#\/schema\/logo\/image\/\",\"url\":\"https:\/\/www.euskalit.net\/semanawp-content\/uploads\/2025\/05\/logotipo-euskalit@3x.png\",\"contentUrl\":\"https:\/\/www.euskalit.net\/semanawp-content\/uploads\/2025\/05\/logotipo-euskalit@3x.png\",\"width\":849,\"height\":201,\"caption\":\"Semana Europea de la Gesti\u00f3n Avanzada\"},\"image\":{\"@id\":\"https:\/\/www.euskalit.net\/semana\/#\/schema\/logo\/image\/\"}}]}<\/script>\n<!-- \/ Yoast SEO plugin. -->","yoast_head_json":{"title":"Los ODS en el tercer sector social - Semana Europea de la Gesti\u00f3n Avanzada","robots":{"index":"index","follow":"follow","max-snippet":"max-snippet:-1","max-image-preview":"max-image-preview:large","max-video-preview":"max-video-preview:-1"},"canonical":"https:\/\/www.euskalit.net\/semana\/acto\/los-ods-en-el-tercer-sector-social\/","og_locale":"es_ES","og_type":"article","og_title":"Los ODS en el tercer sector social - Semana Europea de la Gesti\u00f3n Avanzada","og_description":"Elemento de la Gesti\u00f3n Avanzada Sociedad (compromiso social, sostenibilidad medioambiental, certificaciones\u2026) Contenido Se explicar\u00e1 c\u00f3mo contribuyen y se gestionan los ODS en el tercer sector social mediante buenas pr\u00e1cticas del sector.\u00a0","og_url":"https:\/\/www.euskalit.net\/semana\/acto\/los-ods-en-el-tercer-sector-social\/","og_site_name":"Semana Europea de la Gesti\u00f3n Avanzada","article_modified_time":"2025-10-21T06:23:41+00:00","og_image":[{"width":393,"height":188,"url":"https:\/\/www.euskalit.net\/semana\/wp-content\/uploads\/2025\/09\/Sareen.jpg","type":"image\/jpeg"}],"twitter_card":"summary_large_image","twitter_misc":{"Tiempo de lectura":"1 minuto"},"schema":{"@context":"https:\/\/schema.org","@graph":[{"@type":"WebPage","@id":"https:\/\/www.euskalit.net\/semana\/acto\/los-ods-en-el-tercer-sector-social\/","url":"https:\/\/www.euskalit.net\/semana\/acto\/los-ods-en-el-tercer-sector-social\/","name":"Los ODS en el tercer sector social - Semana Europea de la Gesti\u00f3n Avanzada","isPartOf":{"@id":"https:\/\/www.euskalit.net\/semana\/#website"},"primaryImageOfPage":{"@id":"https:\/\/www.euskalit.net\/semana\/acto\/los-ods-en-el-tercer-sector-social\/#primaryimage"},"image":{"@id":"https:\/\/www.euskalit.net\/semana\/acto\/los-ods-en-el-tercer-sector-social\/#primaryimage"},"thumbnailUrl":"https:\/\/www.euskalit.net\/semana\/wp-content\/uploads\/2025\/09\/Sareen.jpg","datePublished":"2025-10-20T15:36:11+00:00","dateModified":"2025-10-21T06:23:41+00:00","breadcrumb":{"@id":"https:\/\/www.euskalit.net\/semana\/acto\/los-ods-en-el-tercer-sector-social\/#breadcrumb"},"inLanguage":"es","potentialAction":[{"@type":"ReadAction","target":["https:\/\/www.euskalit.net\/semana\/acto\/los-ods-en-el-tercer-sector-social\/"]}]},{"@type":"ImageObject","inLanguage":"es","@id":"https:\/\/www.euskalit.net\/semana\/acto\/los-ods-en-el-tercer-sector-social\/#primaryimage","url":"https:\/\/www.euskalit.net\/semana\/wp-content\/uploads\/2025\/09\/Sareen.jpg","contentUrl":"https:\/\/www.euskalit.net\/semana\/wp-content\/uploads\/2025\/09\/Sareen.jpg","width":393,"height":188},{"@type":"BreadcrumbList","@id":"https:\/\/www.euskalit.net\/semana\/acto\/los-ods-en-el-tercer-sector-social\/#breadcrumb","itemListElement":[{"@type":"ListItem","position":1,"name":"Portada","item":"https:\/\/www.euskalit.net\/semana\/"},{"@type":"ListItem","position":2,"name":"Los ODS en el tercer sector social"}]},{"@type":"WebSite","@id":"https:\/\/www.euskalit.net\/semana\/#website","url":"https:\/\/www.euskalit.net\/semana\/","name":"Semana Europea de la Gesti\u00f3n Avanzada","description":"Semana Europea de la Gesti\u00f3n Avanzada","publisher":{"@id":"https:\/\/www.euskalit.net\/semana\/#organization"},"potentialAction":[{"@type":"SearchAction","target":{"@type":"EntryPoint","urlTemplate":"https:\/\/www.euskalit.net\/semana\/?s={search_term_string}"},"query-input":{"@type":"PropertyValueSpecification","valueRequired":true,"valueName":"search_term_string"}}],"inLanguage":"es"},{"@type":"Organization","@id":"https:\/\/www.euskalit.net\/semana\/#organization","name":"Semana Europea de la Gesti\u00f3n Avanzada","url":"https:\/\/www.euskalit.net\/semana\/","logo":{"@type":"ImageObject","inLanguage":"es","@id":"https:\/\/www.euskalit.net\/semana\/#\/schema\/logo\/image\/","url":"https:\/\/www.euskalit.net\/semanawp-content\/uploads\/2025\/05\/logotipo-euskalit@3x.png","contentUrl":"https:\/\/www.euskalit.net\/semanawp-content\/uploads\/2025\/05\/logotipo-euskalit@3x.png","width":849,"height":201,"caption":"Semana Europea de la Gesti\u00f3n Avanzada"},"image":{"@id":"https:\/\/www.euskalit.net\/semana\/#\/schema\/logo\/image\/"}}]}},"_links":{"self":[{"href":"https:\/\/www.euskalit.net\/semana\/wp-json\/wp\/v2\/acto\/6982","targetHints":{"allow":["GET"]}}],"collection":[{"href":"https:\/\/www.euskalit.net\/semana\/wp-json\/wp\/v2\/acto"}],"about":[{"href":"https:\/\/www.euskalit.net\/semana\/wp-json\/wp\/v2\/types\/acto"}],"version-history":[{"count":2,"href":"https:\/\/www.euskalit.net\/semana\/wp-json\/wp\/v2\/acto\/6982\/revisions"}],"predecessor-version":[{"id":7333,"href":"https:\/\/www.euskalit.net\/semana\/wp-json\/wp\/v2\/acto\/6982\/revisions\/7333"}],"wp:featuredmedia":[{"embeddable":true,"href":"https:\/\/www.euskalit.net\/semana\/wp-json\/wp\/v2\/media\/6984"}],"wp:attachment":[{"href":"https:\/\/www.euskalit.net\/semana\/wp-json\/wp\/v2\/media?parent=6982"}],"wp:term":[{"taxonomy":"entidad-organizadora","embeddable":true,"href":"https:\/\/www.euskalit.net\/semana\/wp-json\/wp\/v2\/entidad-organizadora?post=6982"},{"taxonomy":"palabra-clave","embeddable":true,"href":"https:\/\/www.euskalit.net\/semana\/wp-json\/wp\/v2\/palabra-clave?post=6982"},{"taxonomy":"sector","embeddable":true,"href":"https:\/\/www.euskalit.net\/semana\/wp-json\/wp\/v2\/sector?post=6982"}],"curies":[{"name":"wp","href":"https:\/\/api.w.org\/{rel}","templated":true}]}}

<h3><span style="color: #2e7d67;">Elemento de la Gestión Avanzada</span></h3>
<p>Sociedad (compromiso social, sostenibilidad medioambiental, certificaciones…)</p>
<h3><span style="color: #2e7d67;">Contenido</span></h3>
<p><span data-olk-copy-source="MessageBody">Se explicará cómo contribuyen y se gestionan los ODS en el tercer sector social mediante buenas prácticas del sector. </span></p>

<!-- This site is optimized with the Yoast SEO plugin v26.0 - https://yoast.com/wordpress/plugins/seo/ -->
<title>Los ODS en el tercer sector social - Semana Europea de la Gestión Avanzada</title>
<meta name="robots" content="index, follow, max-snippet:-1, max-image-preview:large, max-video-preview:-1" />
<link rel="canonical" href="https://www.euskalit.net/semana/acto/los-ods-en-el-tercer-sector-social/" />
<meta property="og:locale" content="es_ES" />
<meta property="og:type" content="article" />
<meta property="og:title" content="Los ODS en el tercer sector social - Semana Europea de la Gestión Avanzada" />
<meta property="og:description" content="Elemento de la Gestión Avanzada Sociedad (compromiso social, sostenibilidad medioambiental, certificaciones…) Contenido Se explicará cómo contribuyen y se gestionan los ODS en el tercer sector social mediante buenas prácticas del sector. " />
<meta property="og:url" content="https://www.euskalit.net/semana/acto/los-ods-en-el-tercer-sector-social/" />
<meta property="og:site_name" content="Semana Europea de la Gestión Avanzada" />
<meta property="article:modified_time" content="2025-10-21T06:23:41+00:00" />
<meta property="og:image" content="https://www.euskalit.net/semana/wp-content/uploads/2025/09/Sareen.jpg" />
	<meta property="og:image:width" content="393" />
	<meta property="og:image:height" content="188" />
	<meta property="og:image:type" content="image/jpeg" />
<meta name="twitter:card" content="summary_large_image" />
<meta name="twitter:label1" content="Tiempo de lectura" />
	<meta name="twitter:data1" content="1 minuto" />
<script type="application/ld+json" class="yoast-schema-graph">{"@context":"https://schema.org","@graph":[{"@type":"WebPage","@id":"https://www.euskalit.net/semana/acto/los-ods-en-el-tercer-sector-social/","url":"https://www.euskalit.net/semana/acto/los-ods-en-el-tercer-sector-social/","name":"Los ODS en el tercer sector social - Semana Europea de la Gestión Avanzada","isPartOf":{"@id":"https://www.euskalit.net/semana/#website"},"primaryImageOfPage":{"@id":"https://www.euskalit.net/semana/acto/los-ods-en-el-tercer-sector-social/#primaryimage"},"image":{"@id":"https://www.euskalit.net/semana/acto/los-ods-en-el-tercer-sector-social/#primaryimage"},"thumbnailUrl":"https://www.euskalit.net/semana/wp-content/uploads/2025/09/Sareen.jpg","datePublished":"2025-10-20T15:36:11+00:00","dateModified":"2025-10-21T06:23:41+00:00","breadcrumb":{"@id":"https://www.euskalit.net/semana/acto/los-ods-en-el-tercer-sector-social/#breadcrumb"},"inLanguage":"es","potentialAction":[{"@type":"ReadAction","target":["https://www.euskalit.net/semana/acto/los-ods-en-el-tercer-sector-social/"]}]},{"@type":"ImageObject","inLanguage":"es","@id":"https://www.euskalit.net/semana/acto/los-ods-en-el-tercer-sector-social/#primaryimage","url":"https://www.euskalit.net/semana/wp-content/uploads/2025/09/Sareen.jpg","contentUrl":"https://www.euskalit.net/semana/wp-content/uploads/2025/09/Sareen.jpg","width":393,"height":188},{"@type":"BreadcrumbList","@id":"https://www.euskalit.net/semana/acto/los-ods-en-el-tercer-sector-social/#breadcrumb","itemListElement":[{"@type":"ListItem","position":1,"name":"Portada","item":"https://www.euskalit.net/semana/"},{"@type":"ListItem","position":2,"name":"Los ODS en el tercer sector social"}]},{"@type":"WebSite","@id":"https://www.euskalit.net/semana/#website","url":"https://www.euskalit.net/semana/","name":"Semana Europea de la Gestión Avanzada","description":"Semana Europea de la Gestión Avanzada","publisher":{"@id":"https://www.euskalit.net/semana/#organization"},"potentialAction":[{"@type":"SearchAction","target":{"@type":"EntryPoint","urlTemplate":"https://www.euskalit.net/semana/?s={search_term_string}"},"query-input":{"@type":"PropertyValueSpecification","valueRequired":true,"valueName":"search_term_string"}}],"inLanguage":"es"},{"@type":"Organization","@id":"https://www.euskalit.net/semana/#organization","name":"Semana Europea de la Gestión Avanzada","url":"https://www.euskalit.net/semana/","logo":{"@type":"ImageObject","inLanguage":"es","@id":"https://www.euskalit.net/semana/#/schema/logo/image/","url":"https://www.euskalit.net/semanawp-content/uploads/2025/05/logotipo-euskalit@3x.png","contentUrl":"https://www.euskalit.net/semanawp-content/uploads/2025/05/logotipo-euskalit@3x.png","width":849,"height":201,"caption":"Semana Europea de la Gestión Avanzada"},"image":{"@id":"https://www.euskalit.net/semana/#/schema/logo/image/"}}]}</script>
<!-- / Yoast SEO plugin. -->

Los ODS en el tercer sector social - Semana Europea de la Gestión Avanzada

Elemento de la Gestión Avanzada Sociedad (compromiso social, sostenibilidad medioambiental, certificaciones…) Contenido Se explicará cómo contribuyen y se gestionan los ODS en el tercer sector social mediante buenas prácticas del sector.

Semana Europea de la Gestión Avanzada
