{"id":6443,"date":"2025-10-15T13:16:56","date_gmt":"2025-10-15T11:16:56","guid":{"rendered":"https:\/\/www.euskalit.net\/semana\/?post_type=acto&#038;p=6443"},"modified":"2025-10-16T08:28:14","modified_gmt":"2025-10-16T06:28:14","slug":"la-familia-nuestra-mejor-empresa","status":"publish","type":"acto","link":"https:\/\/www.euskalit.net\/semana\/acto\/la-familia-nuestra-mejor-empresa\/","title":{"rendered":"La Familia, nuestra mejor empresa"},"content":{"rendered":"<h3><span style=\"color: #2e7d67;\">Elemento de la Gesti\u00f3n Avanzada<\/span><\/h3>\n<p>Personas (RRHH, seguridad, prevenci\u00f3n, competencias, compromiso, participaci\u00f3n, liderazgo&#8230;)<\/p>\n<h3><span style=\"color: #2e7d67;\">Contenido<\/span><\/h3>\n<p>Acto de sensibilizaci\u00f3n social para la promoci\u00f3n de la conciliaci\u00f3n personal, familiar y laboral. Esta conferencia ser\u00e1 el acto inaugural de la \u00abSemana de la Familia\u00bb dedicada a la conciliaci\u00f3n corresponsable con diferentes acciones formativas y de difusi\u00f3n.<\/p>\n<h3><span style=\"color: #2e7d67;\">Programa<\/span><\/h3>\n<p>18.30h Recepci\u00f3n del p\u00fablico al Auditorio<\/p>\n<p>18.40h Recepci\u00f3n de autoridades y representantes institucionales y sociales<\/p>\n<p>19.00h Bienvenida al acto<\/p>\n<p>19.02h Presentaci\u00f3n AFAE y su Semana de la Familia as\u00ed como el premio Familia Euskadi y la conferencia de Jose Mar\u00eda Gasalla<\/p>\n<p>19.07h Intervenci\u00f3n de los representantes institucionales del Gobierno Vasco, Diputaci\u00f3n Foral de Bizkaia y Ayuntamiento de Bilbao<\/p>\n<p>19.15h Entrega del Premio Familia Euskadi a la promoci\u00f3n de la Conciliaci\u00f3n Personal, Laboral y Familiar<\/p>\n<p>19.20h Conferencia \u00a0Jose Mar\u00eda Gasalla<\/p>\n<p>20.30h Despedida y agradecimiento<\/p>\n","protected":false},"featured_media":6361,"menu_order":0,"template":"","format":"standard","meta":{"_acf_changed":false,"footnotes":""},"entidad-organizadora":[],"palabra-clave":[],"sector":[],"class_list":["post-6443","acto","type-acto","status-publish","format-standard","has-post-thumbnail","hentry"],"acf":[],"yoast_head":"<!-- This site is optimized with the Yoast SEO plugin v26.0 - https:\/\/yoast.com\/wordpress\/plugins\/seo\/ -->\n<title>La Familia, nuestra mejor empresa - Semana Europea de la Gesti\u00f3n Avanzada<\/title>\n<meta name=\"robots\" content=\"index, follow, max-snippet:-1, max-image-preview:large, max-video-preview:-1\" \/>\n<link rel=\"canonical\" href=\"https:\/\/www.euskalit.net\/semana\/acto\/la-familia-nuestra-mejor-empresa\/\" \/>\n<meta property=\"og:locale\" content=\"es_ES\" \/>\n<meta property=\"og:type\" content=\"article\" \/>\n<meta property=\"og:title\" content=\"La Familia, nuestra mejor empresa - Semana Europea de la Gesti\u00f3n Avanzada\" \/>\n<meta property=\"og:description\" content=\"Elemento de la Gesti\u00f3n Avanzada Personas (RRHH, seguridad, prevenci\u00f3n, competencias, compromiso, participaci\u00f3n, liderazgo&#8230;) Contenido Acto de sensibilizaci\u00f3n social para la promoci\u00f3n de la conciliaci\u00f3n personal, familiar y laboral. Esta conferencia ser\u00e1 el acto inaugural de la \u00abSemana de la Familia\u00bb dedicada a la conciliaci\u00f3n corresponsable con diferentes acciones formativas y de difusi\u00f3n. Programa 18.30h Recepci\u00f3n\" \/>\n<meta property=\"og:url\" content=\"https:\/\/www.euskalit.net\/semana\/acto\/la-familia-nuestra-mejor-empresa\/\" \/>\n<meta property=\"og:site_name\" content=\"Semana Europea de la Gesti\u00f3n Avanzada\" \/>\n<meta property=\"article:modified_time\" content=\"2025-10-16T06:28:14+00:00\" \/>\n<meta property=\"og:image\" content=\"https:\/\/www.euskalit.net\/semana\/wp-content\/uploads\/2025\/07\/Organizadores-AFAE.webp\" \/>\n\t<meta property=\"og:image:width\" content=\"720\" \/>\n\t<meta property=\"og:image:height\" content=\"450\" \/>\n\t<meta property=\"og:image:type\" content=\"image\/webp\" \/>\n<meta name=\"twitter:card\" content=\"summary_large_image\" \/>\n<meta name=\"twitter:label1\" content=\"Tiempo de lectura\" \/>\n\t<meta name=\"twitter:data1\" content=\"1 minuto\" \/>\n<script type=\"application\/ld+json\" class=\"yoast-schema-graph\">{\"@context\":\"https:\/\/schema.org\",\"@graph\":[{\"@type\":\"WebPage\",\"@id\":\"https:\/\/www.euskalit.net\/semana\/acto\/la-familia-nuestra-mejor-empresa\/\",\"url\":\"https:\/\/www.euskalit.net\/semana\/acto\/la-familia-nuestra-mejor-empresa\/\",\"name\":\"La Familia, nuestra mejor empresa - Semana Europea de la Gesti\u00f3n Avanzada\",\"isPartOf\":{\"@id\":\"https:\/\/www.euskalit.net\/semana\/#website\"},\"primaryImageOfPage\":{\"@id\":\"https:\/\/www.euskalit.net\/semana\/acto\/la-familia-nuestra-mejor-empresa\/#primaryimage\"},\"image\":{\"@id\":\"https:\/\/www.euskalit.net\/semana\/acto\/la-familia-nuestra-mejor-empresa\/#primaryimage\"},\"thumbnailUrl\":\"https:\/\/www.euskalit.net\/semana\/wp-content\/uploads\/2025\/07\/Organizadores-AFAE.webp\",\"datePublished\":\"2025-10-15T11:16:56+00:00\",\"dateModified\":\"2025-10-16T06:28:14+00:00\",\"breadcrumb\":{\"@id\":\"https:\/\/www.euskalit.net\/semana\/acto\/la-familia-nuestra-mejor-empresa\/#breadcrumb\"},\"inLanguage\":\"es\",\"potentialAction\":[{\"@type\":\"ReadAction\",\"target\":[\"https:\/\/www.euskalit.net\/semana\/acto\/la-familia-nuestra-mejor-empresa\/\"]}]},{\"@type\":\"ImageObject\",\"inLanguage\":\"es\",\"@id\":\"https:\/\/www.euskalit.net\/semana\/acto\/la-familia-nuestra-mejor-empresa\/#primaryimage\",\"url\":\"https:\/\/www.euskalit.net\/semana\/wp-content\/uploads\/2025\/07\/Organizadores-AFAE.webp\",\"contentUrl\":\"https:\/\/www.euskalit.net\/semana\/wp-content\/uploads\/2025\/07\/Organizadores-AFAE.webp\",\"width\":720,\"height\":450},{\"@type\":\"BreadcrumbList\",\"@id\":\"https:\/\/www.euskalit.net\/semana\/acto\/la-familia-nuestra-mejor-empresa\/#breadcrumb\",\"itemListElement\":[{\"@type\":\"ListItem\",\"position\":1,\"name\":\"Portada\",\"item\":\"https:\/\/www.euskalit.net\/semana\/\"},{\"@type\":\"ListItem\",\"position\":2,\"name\":\"La Familia, nuestra mejor empresa\"}]},{\"@type\":\"WebSite\",\"@id\":\"https:\/\/www.euskalit.net\/semana\/#website\",\"url\":\"https:\/\/www.euskalit.net\/semana\/\",\"name\":\"Semana Europea de la Gesti\u00f3n Avanzada\",\"description\":\"Semana Europea de la Gesti\u00f3n Avanzada\",\"publisher\":{\"@id\":\"https:\/\/www.euskalit.net\/semana\/#organization\"},\"potentialAction\":[{\"@type\":\"SearchAction\",\"target\":{\"@type\":\"EntryPoint\",\"urlTemplate\":\"https:\/\/www.euskalit.net\/semana\/?s={search_term_string}\"},\"query-input\":{\"@type\":\"PropertyValueSpecification\",\"valueRequired\":true,\"valueName\":\"search_term_string\"}}],\"inLanguage\":\"es\"},{\"@type\":\"Organization\",\"@id\":\"https:\/\/www.euskalit.net\/semana\/#organization\",\"name\":\"Semana Europea de la Gesti\u00f3n Avanzada\",\"url\":\"https:\/\/www.euskalit.net\/semana\/\",\"logo\":{\"@type\":\"ImageObject\",\"inLanguage\":\"es\",\"@id\":\"https:\/\/www.euskalit.net\/semana\/#\/schema\/logo\/image\/\",\"url\":\"https:\/\/www.euskalit.net\/semanawp-content\/uploads\/2025\/05\/logotipo-euskalit@3x.png\",\"contentUrl\":\"https:\/\/www.euskalit.net\/semanawp-content\/uploads\/2025\/05\/logotipo-euskalit@3x.png\",\"width\":849,\"height\":201,\"caption\":\"Semana Europea de la Gesti\u00f3n Avanzada\"},\"image\":{\"@id\":\"https:\/\/www.euskalit.net\/semana\/#\/schema\/logo\/image\/\"}}]}<\/script>\n<!-- \/ Yoast SEO plugin. -->","yoast_head_json":{"title":"La Familia, nuestra mejor empresa - Semana Europea de la Gesti\u00f3n Avanzada","robots":{"index":"index","follow":"follow","max-snippet":"max-snippet:-1","max-image-preview":"max-image-preview:large","max-video-preview":"max-video-preview:-1"},"canonical":"https:\/\/www.euskalit.net\/semana\/acto\/la-familia-nuestra-mejor-empresa\/","og_locale":"es_ES","og_type":"article","og_title":"La Familia, nuestra mejor empresa - Semana Europea de la Gesti\u00f3n Avanzada","og_description":"Elemento de la Gesti\u00f3n Avanzada Personas (RRHH, seguridad, prevenci\u00f3n, competencias, compromiso, participaci\u00f3n, liderazgo&#8230;) Contenido Acto de sensibilizaci\u00f3n social para la promoci\u00f3n de la conciliaci\u00f3n personal, familiar y laboral. Esta conferencia ser\u00e1 el acto inaugural de la \u00abSemana de la Familia\u00bb dedicada a la conciliaci\u00f3n corresponsable con diferentes acciones formativas y de difusi\u00f3n. Programa 18.30h Recepci\u00f3n","og_url":"https:\/\/www.euskalit.net\/semana\/acto\/la-familia-nuestra-mejor-empresa\/","og_site_name":"Semana Europea de la Gesti\u00f3n Avanzada","article_modified_time":"2025-10-16T06:28:14+00:00","og_image":[{"width":720,"height":450,"url":"https:\/\/www.euskalit.net\/semana\/wp-content\/uploads\/2025\/07\/Organizadores-AFAE.webp","type":"image\/webp"}],"twitter_card":"summary_large_image","twitter_misc":{"Tiempo de lectura":"1 minuto"},"schema":{"@context":"https:\/\/schema.org","@graph":[{"@type":"WebPage","@id":"https:\/\/www.euskalit.net\/semana\/acto\/la-familia-nuestra-mejor-empresa\/","url":"https:\/\/www.euskalit.net\/semana\/acto\/la-familia-nuestra-mejor-empresa\/","name":"La Familia, nuestra mejor empresa - Semana Europea de la Gesti\u00f3n Avanzada","isPartOf":{"@id":"https:\/\/www.euskalit.net\/semana\/#website"},"primaryImageOfPage":{"@id":"https:\/\/www.euskalit.net\/semana\/acto\/la-familia-nuestra-mejor-empresa\/#primaryimage"},"image":{"@id":"https:\/\/www.euskalit.net\/semana\/acto\/la-familia-nuestra-mejor-empresa\/#primaryimage"},"thumbnailUrl":"https:\/\/www.euskalit.net\/semana\/wp-content\/uploads\/2025\/07\/Organizadores-AFAE.webp","datePublished":"2025-10-15T11:16:56+00:00","dateModified":"2025-10-16T06:28:14+00:00","breadcrumb":{"@id":"https:\/\/www.euskalit.net\/semana\/acto\/la-familia-nuestra-mejor-empresa\/#breadcrumb"},"inLanguage":"es","potentialAction":[{"@type":"ReadAction","target":["https:\/\/www.euskalit.net\/semana\/acto\/la-familia-nuestra-mejor-empresa\/"]}]},{"@type":"ImageObject","inLanguage":"es","@id":"https:\/\/www.euskalit.net\/semana\/acto\/la-familia-nuestra-mejor-empresa\/#primaryimage","url":"https:\/\/www.euskalit.net\/semana\/wp-content\/uploads\/2025\/07\/Organizadores-AFAE.webp","contentUrl":"https:\/\/www.euskalit.net\/semana\/wp-content\/uploads\/2025\/07\/Organizadores-AFAE.webp","width":720,"height":450},{"@type":"BreadcrumbList","@id":"https:\/\/www.euskalit.net\/semana\/acto\/la-familia-nuestra-mejor-empresa\/#breadcrumb","itemListElement":[{"@type":"ListItem","position":1,"name":"Portada","item":"https:\/\/www.euskalit.net\/semana\/"},{"@type":"ListItem","position":2,"name":"La Familia, nuestra mejor empresa"}]},{"@type":"WebSite","@id":"https:\/\/www.euskalit.net\/semana\/#website","url":"https:\/\/www.euskalit.net\/semana\/","name":"Semana Europea de la Gesti\u00f3n Avanzada","description":"Semana Europea de la Gesti\u00f3n Avanzada","publisher":{"@id":"https:\/\/www.euskalit.net\/semana\/#organization"},"potentialAction":[{"@type":"SearchAction","target":{"@type":"EntryPoint","urlTemplate":"https:\/\/www.euskalit.net\/semana\/?s={search_term_string}"},"query-input":{"@type":"PropertyValueSpecification","valueRequired":true,"valueName":"search_term_string"}}],"inLanguage":"es"},{"@type":"Organization","@id":"https:\/\/www.euskalit.net\/semana\/#organization","name":"Semana Europea de la Gesti\u00f3n Avanzada","url":"https:\/\/www.euskalit.net\/semana\/","logo":{"@type":"ImageObject","inLanguage":"es","@id":"https:\/\/www.euskalit.net\/semana\/#\/schema\/logo\/image\/","url":"https:\/\/www.euskalit.net\/semanawp-content\/uploads\/2025\/05\/logotipo-euskalit@3x.png","contentUrl":"https:\/\/www.euskalit.net\/semanawp-content\/uploads\/2025\/05\/logotipo-euskalit@3x.png","width":849,"height":201,"caption":"Semana Europea de la Gesti\u00f3n Avanzada"},"image":{"@id":"https:\/\/www.euskalit.net\/semana\/#\/schema\/logo\/image\/"}}]}},"_links":{"self":[{"href":"https:\/\/www.euskalit.net\/semana\/wp-json\/wp\/v2\/acto\/6443","targetHints":{"allow":["GET"]}}],"collection":[{"href":"https:\/\/www.euskalit.net\/semana\/wp-json\/wp\/v2\/acto"}],"about":[{"href":"https:\/\/www.euskalit.net\/semana\/wp-json\/wp\/v2\/types\/acto"}],"version-history":[{"count":5,"href":"https:\/\/www.euskalit.net\/semana\/wp-json\/wp\/v2\/acto\/6443\/revisions"}],"predecessor-version":[{"id":7517,"href":"https:\/\/www.euskalit.net\/semana\/wp-json\/wp\/v2\/acto\/6443\/revisions\/7517"}],"wp:featuredmedia":[{"embeddable":true,"href":"https:\/\/www.euskalit.net\/semana\/wp-json\/wp\/v2\/media\/6361"}],"wp:attachment":[{"href":"https:\/\/www.euskalit.net\/semana\/wp-json\/wp\/v2\/media?parent=6443"}],"wp:term":[{"taxonomy":"entidad-organizadora","embeddable":true,"href":"https:\/\/www.euskalit.net\/semana\/wp-json\/wp\/v2\/entidad-organizadora?post=6443"},{"taxonomy":"palabra-clave","embeddable":true,"href":"https:\/\/www.euskalit.net\/semana\/wp-json\/wp\/v2\/palabra-clave?post=6443"},{"taxonomy":"sector","embeddable":true,"href":"https:\/\/www.euskalit.net\/semana\/wp-json\/wp\/v2\/sector?post=6443"}],"curies":[{"name":"wp","href":"https:\/\/api.w.org\/{rel}","templated":true}]}}

<h3><span style="color: #2e7d67;">Elemento de la Gestión Avanzada</span></h3>
<p>Personas (RRHH, seguridad, prevención, competencias, compromiso, participación, liderazgo&#8230;)</p>
<h3><span style="color: #2e7d67;">Contenido</span></h3>
<p>Acto de sensibilización social para la promoción de la conciliación personal, familiar y laboral. Esta conferencia será el acto inaugural de la «Semana de la Familia» dedicada a la conciliación corresponsable con diferentes acciones formativas y de difusión.</p>
<h3><span style="color: #2e7d67;">Programa</span></h3>
<p>18.30h Recepción del público al Auditorio</p>
<p>18.40h Recepción de autoridades y representantes institucionales y sociales</p>
<p>19.00h Bienvenida al acto</p>
<p>19.02h Presentación AFAE y su Semana de la Familia así como el premio Familia Euskadi y la conferencia de Jose María Gasalla</p>
<p>19.07h Intervención de los representantes institucionales del Gobierno Vasco, Diputación Foral de Bizkaia y Ayuntamiento de Bilbao</p>
<p>19.15h Entrega del Premio Familia Euskadi a la promoción de la Conciliación Personal, Laboral y Familiar</p>
<p>19.20h Conferencia  Jose María Gasalla</p>
<p>20.30h Despedida y agradecimiento</p>

<!-- This site is optimized with the Yoast SEO plugin v26.0 - https://yoast.com/wordpress/plugins/seo/ -->
<title>La Familia, nuestra mejor empresa - Semana Europea de la Gestión Avanzada</title>
<meta name="robots" content="index, follow, max-snippet:-1, max-image-preview:large, max-video-preview:-1" />
<link rel="canonical" href="https://www.euskalit.net/semana/acto/la-familia-nuestra-mejor-empresa/" />
<meta property="og:locale" content="es_ES" />
<meta property="og:type" content="article" />
<meta property="og:title" content="La Familia, nuestra mejor empresa - Semana Europea de la Gestión Avanzada" />
<meta property="og:description" content="Elemento de la Gestión Avanzada Personas (RRHH, seguridad, prevención, competencias, compromiso, participación, liderazgo&#8230;) Contenido Acto de sensibilización social para la promoción de la conciliación personal, familiar y laboral. Esta conferencia será el acto inaugural de la «Semana de la Familia» dedicada a la conciliación corresponsable con diferentes acciones formativas y de difusión. Programa 18.30h Recepción" />
<meta property="og:url" content="https://www.euskalit.net/semana/acto/la-familia-nuestra-mejor-empresa/" />
<meta property="og:site_name" content="Semana Europea de la Gestión Avanzada" />
<meta property="article:modified_time" content="2025-10-16T06:28:14+00:00" />
<meta property="og:image" content="https://www.euskalit.net/semana/wp-content/uploads/2025/07/Organizadores-AFAE.webp" />
	<meta property="og:image:width" content="720" />
	<meta property="og:image:height" content="450" />
	<meta property="og:image:type" content="image/webp" />
<meta name="twitter:card" content="summary_large_image" />
<meta name="twitter:label1" content="Tiempo de lectura" />
	<meta name="twitter:data1" content="1 minuto" />
<script type="application/ld+json" class="yoast-schema-graph">{"@context":"https://schema.org","@graph":[{"@type":"WebPage","@id":"https://www.euskalit.net/semana/acto/la-familia-nuestra-mejor-empresa/","url":"https://www.euskalit.net/semana/acto/la-familia-nuestra-mejor-empresa/","name":"La Familia, nuestra mejor empresa - Semana Europea de la Gestión Avanzada","isPartOf":{"@id":"https://www.euskalit.net/semana/#website"},"primaryImageOfPage":{"@id":"https://www.euskalit.net/semana/acto/la-familia-nuestra-mejor-empresa/#primaryimage"},"image":{"@id":"https://www.euskalit.net/semana/acto/la-familia-nuestra-mejor-empresa/#primaryimage"},"thumbnailUrl":"https://www.euskalit.net/semana/wp-content/uploads/2025/07/Organizadores-AFAE.webp","datePublished":"2025-10-15T11:16:56+00:00","dateModified":"2025-10-16T06:28:14+00:00","breadcrumb":{"@id":"https://www.euskalit.net/semana/acto/la-familia-nuestra-mejor-empresa/#breadcrumb"},"inLanguage":"es","potentialAction":[{"@type":"ReadAction","target":["https://www.euskalit.net/semana/acto/la-familia-nuestra-mejor-empresa/"]}]},{"@type":"ImageObject","inLanguage":"es","@id":"https://www.euskalit.net/semana/acto/la-familia-nuestra-mejor-empresa/#primaryimage","url":"https://www.euskalit.net/semana/wp-content/uploads/2025/07/Organizadores-AFAE.webp","contentUrl":"https://www.euskalit.net/semana/wp-content/uploads/2025/07/Organizadores-AFAE.webp","width":720,"height":450},{"@type":"BreadcrumbList","@id":"https://www.euskalit.net/semana/acto/la-familia-nuestra-mejor-empresa/#breadcrumb","itemListElement":[{"@type":"ListItem","position":1,"name":"Portada","item":"https://www.euskalit.net/semana/"},{"@type":"ListItem","position":2,"name":"La Familia, nuestra mejor empresa"}]},{"@type":"WebSite","@id":"https://www.euskalit.net/semana/#website","url":"https://www.euskalit.net/semana/","name":"Semana Europea de la Gestión Avanzada","description":"Semana Europea de la Gestión Avanzada","publisher":{"@id":"https://www.euskalit.net/semana/#organization"},"potentialAction":[{"@type":"SearchAction","target":{"@type":"EntryPoint","urlTemplate":"https://www.euskalit.net/semana/?s={search_term_string}"},"query-input":{"@type":"PropertyValueSpecification","valueRequired":true,"valueName":"search_term_string"}}],"inLanguage":"es"},{"@type":"Organization","@id":"https://www.euskalit.net/semana/#organization","name":"Semana Europea de la Gestión Avanzada","url":"https://www.euskalit.net/semana/","logo":{"@type":"ImageObject","inLanguage":"es","@id":"https://www.euskalit.net/semana/#/schema/logo/image/","url":"https://www.euskalit.net/semanawp-content/uploads/2025/05/logotipo-euskalit@3x.png","contentUrl":"https://www.euskalit.net/semanawp-content/uploads/2025/05/logotipo-euskalit@3x.png","width":849,"height":201,"caption":"Semana Europea de la Gestión Avanzada"},"image":{"@id":"https://www.euskalit.net/semana/#/schema/logo/image/"}}]}</script>
<!-- / Yoast SEO plugin. -->

La Familia, nuestra mejor empresa - Semana Europea de la Gestión Avanzada

Elemento de la Gestión Avanzada Personas (RRHH, seguridad, prevención, competencias, compromiso, participación, liderazgo&#8230;) Contenido Acto de sensibilización social para la promoción de la conciliación personal, familiar y laboral. Esta conferencia será el acto inaugural de la «Semana de la Familia» dedicada a la conciliación corresponsable con diferentes acciones formativas y de difusión. Programa 18.30h Recepción

Semana Europea de la Gestión Avanzada
