{"id":6416,"date":"2025-10-11T12:02:31","date_gmt":"2025-10-11T10:02:31","guid":{"rendered":"https:\/\/www.euskalit.net\/semana\/?post_type=acto&#038;p=6416"},"modified":"2025-10-13T19:46:53","modified_gmt":"2025-10-13T17:46:53","slug":"despliegue-de-valores-como-herramienta-constructora-de-la-cultura-organizacional","status":"publish","type":"acto","link":"https:\/\/www.euskalit.net\/semana\/acto\/despliegue-de-valores-como-herramienta-constructora-de-la-cultura-organizacional\/","title":{"rendered":"Despliegue de valores como herramienta constructora de la cultura organizacional"},"content":{"rendered":"<h3><span style=\"color: #2e7d67;\">Elemento de la Gesti\u00f3n Avanzada<\/span><\/h3>\n<p>Estrategia (grupos de inter\u00e9s, procesos, modelo de negocio, modelo organizativo, Cuadro de mando integral, despliegue de objetivos&#8230;)<\/p>\n<h3><span style=\"color: #2e7d67;\">Contenido<\/span><\/h3>\n<p>Explicamos tres buenas pr\u00e1cticas que generan sinergias entre s\u00ed, potencian el desarrollo y una cultura organizativa alineada con nuestros valores y orientada a la calidad de los servicios ofrecidos a nuestros clientes.<\/p>\n<h3><span style=\"color: #2e7d67;\">Programa<\/span><\/h3>\n<p>10:00. Presentaci\u00f3n de la Semana Gesti\u00f3n Avanzada<\/p>\n<p>Presentaci\u00f3n de Argia Fundazioa<\/p>\n<p>10:30.\u00a0 Presentaci\u00f3n Ziortza Ostolozaga: Documento descriptivo de la atenci\u00f3n sociosanitaria para una atenci\u00f3n integral y personalizada.<\/p>\n<p>10:50. Presentaci\u00f3n Eva Morales: Hacia una gobernanza avanzada<\/p>\n<p>11:10. Presentaci\u00f3n Eva Morales\/Cristina Valle: Pilotos de innovaci\u00f3n como motor de una mejora continua<\/p>\n<p>11:30. Cierre<\/p>\n","protected":false},"featured_media":6759,"menu_order":0,"template":"","format":"standard","meta":{"_acf_changed":false,"footnotes":""},"entidad-organizadora":[],"palabra-clave":[],"sector":[],"class_list":["post-6416","acto","type-acto","status-publish","format-standard","has-post-thumbnail","hentry"],"acf":[],"yoast_head":"<!-- This site is optimized with the Yoast SEO plugin v26.0 - https:\/\/yoast.com\/wordpress\/plugins\/seo\/ -->\n<title>Despliegue de valores como herramienta constructora de la cultura organizacional - Semana Europea de la Gesti\u00f3n Avanzada<\/title>\n<meta name=\"robots\" content=\"index, follow, max-snippet:-1, max-image-preview:large, max-video-preview:-1\" \/>\n<link rel=\"canonical\" href=\"https:\/\/www.euskalit.net\/semana\/acto\/despliegue-de-valores-como-herramienta-constructora-de-la-cultura-organizacional\/\" \/>\n<meta property=\"og:locale\" content=\"es_ES\" \/>\n<meta property=\"og:type\" content=\"article\" \/>\n<meta property=\"og:title\" content=\"Despliegue de valores como herramienta constructora de la cultura organizacional - Semana Europea de la Gesti\u00f3n Avanzada\" \/>\n<meta property=\"og:description\" content=\"Elemento de la Gesti\u00f3n Avanzada Estrategia (grupos de inter\u00e9s, procesos, modelo de negocio, modelo organizativo, Cuadro de mando integral, despliegue de objetivos&#8230;) Contenido Explicamos tres buenas pr\u00e1cticas que generan sinergias entre s\u00ed, potencian el desarrollo y una cultura organizativa alineada con nuestros valores y orientada a la calidad de los servicios ofrecidos a nuestros clientes.\" \/>\n<meta property=\"og:url\" content=\"https:\/\/www.euskalit.net\/semana\/acto\/despliegue-de-valores-como-herramienta-constructora-de-la-cultura-organizacional\/\" \/>\n<meta property=\"og:site_name\" content=\"Semana Europea de la Gesti\u00f3n Avanzada\" \/>\n<meta property=\"article:modified_time\" content=\"2025-10-13T17:46:53+00:00\" \/>\n<meta property=\"og:image\" content=\"https:\/\/www.euskalit.net\/semana\/wp-content\/uploads\/2025\/08\/Organizadores-Argia-fundazioa.webp\" \/>\n\t<meta property=\"og:image:width\" content=\"720\" \/>\n\t<meta property=\"og:image:height\" content=\"450\" \/>\n\t<meta property=\"og:image:type\" content=\"image\/webp\" \/>\n<meta name=\"twitter:card\" content=\"summary_large_image\" \/>\n<meta name=\"twitter:label1\" content=\"Tiempo de lectura\" \/>\n\t<meta name=\"twitter:data1\" content=\"1 minuto\" \/>\n<script type=\"application\/ld+json\" class=\"yoast-schema-graph\">{\"@context\":\"https:\/\/schema.org\",\"@graph\":[{\"@type\":\"WebPage\",\"@id\":\"https:\/\/www.euskalit.net\/semana\/acto\/despliegue-de-valores-como-herramienta-constructora-de-la-cultura-organizacional\/\",\"url\":\"https:\/\/www.euskalit.net\/semana\/acto\/despliegue-de-valores-como-herramienta-constructora-de-la-cultura-organizacional\/\",\"name\":\"Despliegue de valores como herramienta constructora de la cultura organizacional - Semana Europea de la Gesti\u00f3n Avanzada\",\"isPartOf\":{\"@id\":\"https:\/\/www.euskalit.net\/semana\/#website\"},\"primaryImageOfPage\":{\"@id\":\"https:\/\/www.euskalit.net\/semana\/acto\/despliegue-de-valores-como-herramienta-constructora-de-la-cultura-organizacional\/#primaryimage\"},\"image\":{\"@id\":\"https:\/\/www.euskalit.net\/semana\/acto\/despliegue-de-valores-como-herramienta-constructora-de-la-cultura-organizacional\/#primaryimage\"},\"thumbnailUrl\":\"https:\/\/www.euskalit.net\/semana\/wp-content\/uploads\/2025\/08\/Organizadores-Argia-fundazioa.webp\",\"datePublished\":\"2025-10-11T10:02:31+00:00\",\"dateModified\":\"2025-10-13T17:46:53+00:00\",\"breadcrumb\":{\"@id\":\"https:\/\/www.euskalit.net\/semana\/acto\/despliegue-de-valores-como-herramienta-constructora-de-la-cultura-organizacional\/#breadcrumb\"},\"inLanguage\":\"es\",\"potentialAction\":[{\"@type\":\"ReadAction\",\"target\":[\"https:\/\/www.euskalit.net\/semana\/acto\/despliegue-de-valores-como-herramienta-constructora-de-la-cultura-organizacional\/\"]}]},{\"@type\":\"ImageObject\",\"inLanguage\":\"es\",\"@id\":\"https:\/\/www.euskalit.net\/semana\/acto\/despliegue-de-valores-como-herramienta-constructora-de-la-cultura-organizacional\/#primaryimage\",\"url\":\"https:\/\/www.euskalit.net\/semana\/wp-content\/uploads\/2025\/08\/Organizadores-Argia-fundazioa.webp\",\"contentUrl\":\"https:\/\/www.euskalit.net\/semana\/wp-content\/uploads\/2025\/08\/Organizadores-Argia-fundazioa.webp\",\"width\":720,\"height\":450},{\"@type\":\"BreadcrumbList\",\"@id\":\"https:\/\/www.euskalit.net\/semana\/acto\/despliegue-de-valores-como-herramienta-constructora-de-la-cultura-organizacional\/#breadcrumb\",\"itemListElement\":[{\"@type\":\"ListItem\",\"position\":1,\"name\":\"Portada\",\"item\":\"https:\/\/www.euskalit.net\/semana\/\"},{\"@type\":\"ListItem\",\"position\":2,\"name\":\"Despliegue de valores como herramienta constructora de la cultura organizacional\"}]},{\"@type\":\"WebSite\",\"@id\":\"https:\/\/www.euskalit.net\/semana\/#website\",\"url\":\"https:\/\/www.euskalit.net\/semana\/\",\"name\":\"Semana Europea de la Gesti\u00f3n Avanzada\",\"description\":\"Semana Europea de la Gesti\u00f3n Avanzada\",\"publisher\":{\"@id\":\"https:\/\/www.euskalit.net\/semana\/#organization\"},\"potentialAction\":[{\"@type\":\"SearchAction\",\"target\":{\"@type\":\"EntryPoint\",\"urlTemplate\":\"https:\/\/www.euskalit.net\/semana\/?s={search_term_string}\"},\"query-input\":{\"@type\":\"PropertyValueSpecification\",\"valueRequired\":true,\"valueName\":\"search_term_string\"}}],\"inLanguage\":\"es\"},{\"@type\":\"Organization\",\"@id\":\"https:\/\/www.euskalit.net\/semana\/#organization\",\"name\":\"Semana Europea de la Gesti\u00f3n Avanzada\",\"url\":\"https:\/\/www.euskalit.net\/semana\/\",\"logo\":{\"@type\":\"ImageObject\",\"inLanguage\":\"es\",\"@id\":\"https:\/\/www.euskalit.net\/semana\/#\/schema\/logo\/image\/\",\"url\":\"https:\/\/www.euskalit.net\/semanawp-content\/uploads\/2025\/05\/logotipo-euskalit@3x.png\",\"contentUrl\":\"https:\/\/www.euskalit.net\/semanawp-content\/uploads\/2025\/05\/logotipo-euskalit@3x.png\",\"width\":849,\"height\":201,\"caption\":\"Semana Europea de la Gesti\u00f3n Avanzada\"},\"image\":{\"@id\":\"https:\/\/www.euskalit.net\/semana\/#\/schema\/logo\/image\/\"}}]}<\/script>\n<!-- \/ Yoast SEO plugin. -->","yoast_head_json":{"title":"Despliegue de valores como herramienta constructora de la cultura organizacional - Semana Europea de la Gesti\u00f3n Avanzada","robots":{"index":"index","follow":"follow","max-snippet":"max-snippet:-1","max-image-preview":"max-image-preview:large","max-video-preview":"max-video-preview:-1"},"canonical":"https:\/\/www.euskalit.net\/semana\/acto\/despliegue-de-valores-como-herramienta-constructora-de-la-cultura-organizacional\/","og_locale":"es_ES","og_type":"article","og_title":"Despliegue de valores como herramienta constructora de la cultura organizacional - Semana Europea de la Gesti\u00f3n Avanzada","og_description":"Elemento de la Gesti\u00f3n Avanzada Estrategia (grupos de inter\u00e9s, procesos, modelo de negocio, modelo organizativo, Cuadro de mando integral, despliegue de objetivos&#8230;) Contenido Explicamos tres buenas pr\u00e1cticas que generan sinergias entre s\u00ed, potencian el desarrollo y una cultura organizativa alineada con nuestros valores y orientada a la calidad de los servicios ofrecidos a nuestros clientes.","og_url":"https:\/\/www.euskalit.net\/semana\/acto\/despliegue-de-valores-como-herramienta-constructora-de-la-cultura-organizacional\/","og_site_name":"Semana Europea de la Gesti\u00f3n Avanzada","article_modified_time":"2025-10-13T17:46:53+00:00","og_image":[{"width":720,"height":450,"url":"https:\/\/www.euskalit.net\/semana\/wp-content\/uploads\/2025\/08\/Organizadores-Argia-fundazioa.webp","type":"image\/webp"}],"twitter_card":"summary_large_image","twitter_misc":{"Tiempo de lectura":"1 minuto"},"schema":{"@context":"https:\/\/schema.org","@graph":[{"@type":"WebPage","@id":"https:\/\/www.euskalit.net\/semana\/acto\/despliegue-de-valores-como-herramienta-constructora-de-la-cultura-organizacional\/","url":"https:\/\/www.euskalit.net\/semana\/acto\/despliegue-de-valores-como-herramienta-constructora-de-la-cultura-organizacional\/","name":"Despliegue de valores como herramienta constructora de la cultura organizacional - Semana Europea de la Gesti\u00f3n Avanzada","isPartOf":{"@id":"https:\/\/www.euskalit.net\/semana\/#website"},"primaryImageOfPage":{"@id":"https:\/\/www.euskalit.net\/semana\/acto\/despliegue-de-valores-como-herramienta-constructora-de-la-cultura-organizacional\/#primaryimage"},"image":{"@id":"https:\/\/www.euskalit.net\/semana\/acto\/despliegue-de-valores-como-herramienta-constructora-de-la-cultura-organizacional\/#primaryimage"},"thumbnailUrl":"https:\/\/www.euskalit.net\/semana\/wp-content\/uploads\/2025\/08\/Organizadores-Argia-fundazioa.webp","datePublished":"2025-10-11T10:02:31+00:00","dateModified":"2025-10-13T17:46:53+00:00","breadcrumb":{"@id":"https:\/\/www.euskalit.net\/semana\/acto\/despliegue-de-valores-como-herramienta-constructora-de-la-cultura-organizacional\/#breadcrumb"},"inLanguage":"es","potentialAction":[{"@type":"ReadAction","target":["https:\/\/www.euskalit.net\/semana\/acto\/despliegue-de-valores-como-herramienta-constructora-de-la-cultura-organizacional\/"]}]},{"@type":"ImageObject","inLanguage":"es","@id":"https:\/\/www.euskalit.net\/semana\/acto\/despliegue-de-valores-como-herramienta-constructora-de-la-cultura-organizacional\/#primaryimage","url":"https:\/\/www.euskalit.net\/semana\/wp-content\/uploads\/2025\/08\/Organizadores-Argia-fundazioa.webp","contentUrl":"https:\/\/www.euskalit.net\/semana\/wp-content\/uploads\/2025\/08\/Organizadores-Argia-fundazioa.webp","width":720,"height":450},{"@type":"BreadcrumbList","@id":"https:\/\/www.euskalit.net\/semana\/acto\/despliegue-de-valores-como-herramienta-constructora-de-la-cultura-organizacional\/#breadcrumb","itemListElement":[{"@type":"ListItem","position":1,"name":"Portada","item":"https:\/\/www.euskalit.net\/semana\/"},{"@type":"ListItem","position":2,"name":"Despliegue de valores como herramienta constructora de la cultura organizacional"}]},{"@type":"WebSite","@id":"https:\/\/www.euskalit.net\/semana\/#website","url":"https:\/\/www.euskalit.net\/semana\/","name":"Semana Europea de la Gesti\u00f3n Avanzada","description":"Semana Europea de la Gesti\u00f3n Avanzada","publisher":{"@id":"https:\/\/www.euskalit.net\/semana\/#organization"},"potentialAction":[{"@type":"SearchAction","target":{"@type":"EntryPoint","urlTemplate":"https:\/\/www.euskalit.net\/semana\/?s={search_term_string}"},"query-input":{"@type":"PropertyValueSpecification","valueRequired":true,"valueName":"search_term_string"}}],"inLanguage":"es"},{"@type":"Organization","@id":"https:\/\/www.euskalit.net\/semana\/#organization","name":"Semana Europea de la Gesti\u00f3n Avanzada","url":"https:\/\/www.euskalit.net\/semana\/","logo":{"@type":"ImageObject","inLanguage":"es","@id":"https:\/\/www.euskalit.net\/semana\/#\/schema\/logo\/image\/","url":"https:\/\/www.euskalit.net\/semanawp-content\/uploads\/2025\/05\/logotipo-euskalit@3x.png","contentUrl":"https:\/\/www.euskalit.net\/semanawp-content\/uploads\/2025\/05\/logotipo-euskalit@3x.png","width":849,"height":201,"caption":"Semana Europea de la Gesti\u00f3n Avanzada"},"image":{"@id":"https:\/\/www.euskalit.net\/semana\/#\/schema\/logo\/image\/"}}]}},"_links":{"self":[{"href":"https:\/\/www.euskalit.net\/semana\/wp-json\/wp\/v2\/acto\/6416","targetHints":{"allow":["GET"]}}],"collection":[{"href":"https:\/\/www.euskalit.net\/semana\/wp-json\/wp\/v2\/acto"}],"about":[{"href":"https:\/\/www.euskalit.net\/semana\/wp-json\/wp\/v2\/types\/acto"}],"version-history":[{"count":4,"href":"https:\/\/www.euskalit.net\/semana\/wp-json\/wp\/v2\/acto\/6416\/revisions"}],"predecessor-version":[{"id":7036,"href":"https:\/\/www.euskalit.net\/semana\/wp-json\/wp\/v2\/acto\/6416\/revisions\/7036"}],"wp:featuredmedia":[{"embeddable":true,"href":"https:\/\/www.euskalit.net\/semana\/wp-json\/wp\/v2\/media\/6759"}],"wp:attachment":[{"href":"https:\/\/www.euskalit.net\/semana\/wp-json\/wp\/v2\/media?parent=6416"}],"wp:term":[{"taxonomy":"entidad-organizadora","embeddable":true,"href":"https:\/\/www.euskalit.net\/semana\/wp-json\/wp\/v2\/entidad-organizadora?post=6416"},{"taxonomy":"palabra-clave","embeddable":true,"href":"https:\/\/www.euskalit.net\/semana\/wp-json\/wp\/v2\/palabra-clave?post=6416"},{"taxonomy":"sector","embeddable":true,"href":"https:\/\/www.euskalit.net\/semana\/wp-json\/wp\/v2\/sector?post=6416"}],"curies":[{"name":"wp","href":"https:\/\/api.w.org\/{rel}","templated":true}]}}

<h3><span style="color: #2e7d67;">Elemento de la Gestión Avanzada</span></h3>
<p>Estrategia (grupos de interés, procesos, modelo de negocio, modelo organizativo, Cuadro de mando integral, despliegue de objetivos&#8230;)</p>
<h3><span style="color: #2e7d67;">Contenido</span></h3>
<p>Explicamos tres buenas prácticas que generan sinergias entre sí, potencian el desarrollo y una cultura organizativa alineada con nuestros valores y orientada a la calidad de los servicios ofrecidos a nuestros clientes.</p>
<h3><span style="color: #2e7d67;">Programa</span></h3>
<p>10:00. Presentación de la Semana Gestión Avanzada</p>
<p>Presentación de Argia Fundazioa</p>
<p>10:30.  Presentación Ziortza Ostolozaga: Documento descriptivo de la atención sociosanitaria para una atención integral y personalizada.</p>
<p>10:50. Presentación Eva Morales: Hacia una gobernanza avanzada</p>
<p>11:10. Presentación Eva Morales/Cristina Valle: Pilotos de innovación como motor de una mejora continua</p>
<p>11:30. Cierre</p>

<!-- This site is optimized with the Yoast SEO plugin v26.0 - https://yoast.com/wordpress/plugins/seo/ -->
<title>Despliegue de valores como herramienta constructora de la cultura organizacional - Semana Europea de la Gestión Avanzada</title>
<meta name="robots" content="index, follow, max-snippet:-1, max-image-preview:large, max-video-preview:-1" />
<link rel="canonical" href="https://www.euskalit.net/semana/acto/despliegue-de-valores-como-herramienta-constructora-de-la-cultura-organizacional/" />
<meta property="og:locale" content="es_ES" />
<meta property="og:type" content="article" />
<meta property="og:title" content="Despliegue de valores como herramienta constructora de la cultura organizacional - Semana Europea de la Gestión Avanzada" />
<meta property="og:description" content="Elemento de la Gestión Avanzada Estrategia (grupos de interés, procesos, modelo de negocio, modelo organizativo, Cuadro de mando integral, despliegue de objetivos&#8230;) Contenido Explicamos tres buenas prácticas que generan sinergias entre sí, potencian el desarrollo y una cultura organizativa alineada con nuestros valores y orientada a la calidad de los servicios ofrecidos a nuestros clientes." />
<meta property="og:url" content="https://www.euskalit.net/semana/acto/despliegue-de-valores-como-herramienta-constructora-de-la-cultura-organizacional/" />
<meta property="og:site_name" content="Semana Europea de la Gestión Avanzada" />
<meta property="article:modified_time" content="2025-10-13T17:46:53+00:00" />
<meta property="og:image" content="https://www.euskalit.net/semana/wp-content/uploads/2025/08/Organizadores-Argia-fundazioa.webp" />
	<meta property="og:image:width" content="720" />
	<meta property="og:image:height" content="450" />
	<meta property="og:image:type" content="image/webp" />
<meta name="twitter:card" content="summary_large_image" />
<meta name="twitter:label1" content="Tiempo de lectura" />
	<meta name="twitter:data1" content="1 minuto" />
<script type="application/ld+json" class="yoast-schema-graph">{"@context":"https://schema.org","@graph":[{"@type":"WebPage","@id":"https://www.euskalit.net/semana/acto/despliegue-de-valores-como-herramienta-constructora-de-la-cultura-organizacional/","url":"https://www.euskalit.net/semana/acto/despliegue-de-valores-como-herramienta-constructora-de-la-cultura-organizacional/","name":"Despliegue de valores como herramienta constructora de la cultura organizacional - Semana Europea de la Gestión Avanzada","isPartOf":{"@id":"https://www.euskalit.net/semana/#website"},"primaryImageOfPage":{"@id":"https://www.euskalit.net/semana/acto/despliegue-de-valores-como-herramienta-constructora-de-la-cultura-organizacional/#primaryimage"},"image":{"@id":"https://www.euskalit.net/semana/acto/despliegue-de-valores-como-herramienta-constructora-de-la-cultura-organizacional/#primaryimage"},"thumbnailUrl":"https://www.euskalit.net/semana/wp-content/uploads/2025/08/Organizadores-Argia-fundazioa.webp","datePublished":"2025-10-11T10:02:31+00:00","dateModified":"2025-10-13T17:46:53+00:00","breadcrumb":{"@id":"https://www.euskalit.net/semana/acto/despliegue-de-valores-como-herramienta-constructora-de-la-cultura-organizacional/#breadcrumb"},"inLanguage":"es","potentialAction":[{"@type":"ReadAction","target":["https://www.euskalit.net/semana/acto/despliegue-de-valores-como-herramienta-constructora-de-la-cultura-organizacional/"]}]},{"@type":"ImageObject","inLanguage":"es","@id":"https://www.euskalit.net/semana/acto/despliegue-de-valores-como-herramienta-constructora-de-la-cultura-organizacional/#primaryimage","url":"https://www.euskalit.net/semana/wp-content/uploads/2025/08/Organizadores-Argia-fundazioa.webp","contentUrl":"https://www.euskalit.net/semana/wp-content/uploads/2025/08/Organizadores-Argia-fundazioa.webp","width":720,"height":450},{"@type":"BreadcrumbList","@id":"https://www.euskalit.net/semana/acto/despliegue-de-valores-como-herramienta-constructora-de-la-cultura-organizacional/#breadcrumb","itemListElement":[{"@type":"ListItem","position":1,"name":"Portada","item":"https://www.euskalit.net/semana/"},{"@type":"ListItem","position":2,"name":"Despliegue de valores como herramienta constructora de la cultura organizacional"}]},{"@type":"WebSite","@id":"https://www.euskalit.net/semana/#website","url":"https://www.euskalit.net/semana/","name":"Semana Europea de la Gestión Avanzada","description":"Semana Europea de la Gestión Avanzada","publisher":{"@id":"https://www.euskalit.net/semana/#organization"},"potentialAction":[{"@type":"SearchAction","target":{"@type":"EntryPoint","urlTemplate":"https://www.euskalit.net/semana/?s={search_term_string}"},"query-input":{"@type":"PropertyValueSpecification","valueRequired":true,"valueName":"search_term_string"}}],"inLanguage":"es"},{"@type":"Organization","@id":"https://www.euskalit.net/semana/#organization","name":"Semana Europea de la Gestión Avanzada","url":"https://www.euskalit.net/semana/","logo":{"@type":"ImageObject","inLanguage":"es","@id":"https://www.euskalit.net/semana/#/schema/logo/image/","url":"https://www.euskalit.net/semanawp-content/uploads/2025/05/logotipo-euskalit@3x.png","contentUrl":"https://www.euskalit.net/semanawp-content/uploads/2025/05/logotipo-euskalit@3x.png","width":849,"height":201,"caption":"Semana Europea de la Gestión Avanzada"},"image":{"@id":"https://www.euskalit.net/semana/#/schema/logo/image/"}}]}</script>
<!-- / Yoast SEO plugin. -->

Despliegue de valores como herramienta constructora de la cultura organizacional - Semana Europea de la Gestión Avanzada

Elemento de la Gestión Avanzada Estrategia (grupos de interés, procesos, modelo de negocio, modelo organizativo, Cuadro de mando integral, despliegue de objetivos&#8230;) Contenido Explicamos tres buenas prácticas que generan sinergias entre sí, potencian el desarrollo y una cultura organizativa alineada con nuestros valores y orientada a la calidad de los servicios ofrecidos a nuestros clientes.

Semana Europea de la Gestión Avanzada
